{"id":104,"date":"2012-03-11T20:25:09","date_gmt":"2012-03-11T20:25:09","guid":{"rendered":"http:\/\/filderbahnhof.net\/wordpress\/?page_id=104"},"modified":"2018-05-20T16:44:24","modified_gmt":"2018-05-20T16:44:24","slug":"home-2","status":"publish","type":"page","link":"https:\/\/filderbahnhof.net\/wordpress\/","title":{"rendered":"HOME"},"content":{"rendered":"<p><img loading=\"lazy\" class=\"aligncenter size-full wp-image-77\" title=\"filderbahnhof_grafik\" src=\"https:\/\/filderbahnhof.net\/wordpress\/wp-content\/uploads\/filderbahnhof_grafik.png\" alt=\"\" width=\"1024\" height=\"519\" srcset=\"https:\/\/filderbahnhof.net\/wordpress\/wp-content\/uploads\/filderbahnhof_grafik.png 1024w, https:\/\/filderbahnhof.net\/wordpress\/wp-content\/uploads\/filderbahnhof_grafik-300x152.png 300w, https:\/\/filderbahnhof.net\/wordpress\/wp-content\/uploads\/filderbahnhof_grafik-500x253.png 500w\" sizes=\"(max-width: 1024px) 100vw, 1024px\" \/><\/p>\n<div style=\"text-align: center; font-size: 26pt;\">B\u00fcndnis Filderbahnhof Vaihingen<\/div>\n<div style=\"text-align: center; font-size: 14pt;\">B\u00fcndnis f\u00fcr einen Regional-Express-Halt in Stuttgart Vaihingen<\/div>\n<p><img loading=\"lazy\" class=\"aligncenter size-full wp-image-85\" title=\"logo_b\u00fcndnis_fb\" src=\"https:\/\/filderbahnhof.net\/wordpress\/wp-content\/uploads\/logo_b\u00fcndnis_fb.png\" alt=\"\" width=\"188\" height=\"72\" \/><\/p>\n<p><strong>Wir unterst\u00fctzen den Filderbahnhof Vaihingen<\/strong><\/p>\n<table>\n<tbody>\n<tr>\n<td style=\"vertical-align: middle;\"><a href=\"http:\/\/isa-vaihingen.de\"><img class=\"aligncenter size-medium wp-image-37\" style=\"vertical-align: middle;\" title=\"ISA Vaihingen\" src=\"https:\/\/filderbahnhof.net\/wordpress\/wp-content\/uploads\/isa-300x129.gif\" alt=\"\" width=\"150\" srcset=\"https:\/\/filderbahnhof.net\/wordpress\/wp-content\/uploads\/isa-300x129.gif 300w, https:\/\/filderbahnhof.net\/wordpress\/wp-content\/uploads\/isa.gif 394w\" sizes=\"(max-width: 300px) 100vw, 300px\" \/><\/a><\/td>\n<td style=\"text-align: center; vertical-align: middle;\"><a href=\"http:\/\/vk21.de\"><img class=\"aligncenter size-medium wp-image-46\" style=\"vertical-align: middle;\" title=\"VK21\" src=\"https:\/\/filderbahnhof.net\/wordpress\/wp-content\/uploads\/vk21_logo-300x76.png\" alt=\"\" width=\"150\" srcset=\"https:\/\/filderbahnhof.net\/wordpress\/wp-content\/uploads\/vk21_logo-300x76.png 300w, https:\/\/filderbahnhof.net\/wordpress\/wp-content\/uploads\/vk21_logo-500x127.png 500w, https:\/\/filderbahnhof.net\/wordpress\/wp-content\/uploads\/vk21_logo.png 787w\" sizes=\"(max-width: 300px) 100vw, 300px\" \/><\/a><\/td>\n<td style=\"text-align: center; vertical-align: middle;\"><a href=\"http:\/\/vcd-stuttgart.de\"><img class=\"aligncenter size-medium wp-image-42\" style=\"vertical-align: middle;\" title=\"VCD\" src=\"https:\/\/filderbahnhof.net\/wordpress\/wp-content\/uploads\/logo_vcd-300x133.jpg\" alt=\"\" width=\"150\" srcset=\"https:\/\/filderbahnhof.net\/wordpress\/wp-content\/uploads\/logo_vcd-300x133.jpg 300w, https:\/\/filderbahnhof.net\/wordpress\/wp-content\/uploads\/logo_vcd-500x221.jpg 500w, https:\/\/filderbahnhof.net\/wordpress\/wp-content\/uploads\/logo_vcd.jpg 719w\" sizes=\"(max-width: 300px) 100vw, 300px\" \/><\/a><\/td>\n<\/tr>\n<tr>\n<td style=\"text-align: center;\"><a href=\"http:\/\/www.schutzgemeinschaft-filder.de\/\"><img class=\"aligncenter size-medium wp-image-128\" title=\"logo_sgf\" src=\"https:\/\/filderbahnhof.net\/wordpress\/wp-content\/uploads\/logo_sgf-150x147.gif\" alt=\"\" width=\"150\" srcset=\"https:\/\/filderbahnhof.net\/wordpress\/wp-content\/uploads\/logo_sgf-150x147.gif 150w, https:\/\/filderbahnhof.net\/wordpress\/wp-content\/uploads\/logo_sgf.gif 151w\" sizes=\"(max-width: 150px) 100vw, 150px\" \/><\/a><\/td>\n<td style=\"text-align: center; vertical-align: middle;\"><a href=\"http:\/\/lebenswertes-le.de\">Lebenswertes LE<\/a><\/td>\n<td style=\"text-align: center; vertical-align: middle;\"><a href=\"http:\/\/adfc-bw.de\"><img class=\"aligncenter size-medium wp-image-120\" title=\"logo_adfc\" src=\"https:\/\/filderbahnhof.net\/wordpress\/wp-content\/uploads\/logo_adfc.gif\" alt=\"\" width=\"150\" \/><\/a><\/td>\n<\/tr>\n<tr>\n<td style=\"text-align: center; vertical-align: middle;\"><a href=\"http:\/\/www.podologie-lampert.de\/\"><img class=\"alignnone size-full wp-image-120\" title=\"logo_lampert\" src=\"https:\/\/filderbahnhof.net\/wordpress\/wp-content\/uploads\/podologische_praxis_lampert.png\" alt=\"\" width=\"150\" \/><\/a><\/td>\n<td style=\"text-align: center; vertical-align: middle;\"><a href=\"http:\/\/www.schwaebische.de\/region\/sigmaringen-tuttlingen\/tuttlingen\/stadtnachrichten-tuttlingen_artikel,-Neues-Tuttlinger-Buendnis-will-Gaeubahn-staerken-_arid,5221925_regid,1.html\" target=\"_blank\">B\u00fcrgerb\u00fcndnis Pro G\u00e4ubahn<\/a><\/td>\n<td style=\"text-align: center; vertical-align: middle;\"><a href=\"http:\/\/www.gr\u00fcnschnabel-naturkost.de\/\"><img class=\"alignnone size-full wp-image-120\" title=\"GruenschnabelLogo\" src=\"https:\/\/filderbahnhof.net\/wordpress\/wp-content\/uploads\/GruenschnabelLogo.jpg\" alt=\"\" width=\"150\" \/><\/a><\/td>\n<\/tr>\n<tr>\n<td style=\"text-align: center; vertical-align: middle;\"><img class=\"alignnone size-full wp-image-120\" title=\"Logo_s\u00f6s_linke\" src=\"https:\/\/filderbahnhof.net\/wordpress\/wp-content\/uploads\/Logo_s\u00f6s_linke.jpg\" alt=\"\" width=\"150\" \/><\/td>\n<td style=\"text-align: center; vertical-align: middle;\">GenussVoll<br \/>\nRathausplatz 5Stuttgart-Vaihingen<\/td>\n<td style=\"text-align: center; vertical-align: middle;\">Betriebsrat Lapp GmbH<br \/>\nKabelwerke Vaihingen<\/td>\n<\/tr>\n<tr>\n<td style=\"text-align: center; vertical-align: middle;\"><a href=\"http:\/\/www.stuttgart.die-linke-bw.de\/index.php?id=5827\"><img loading=\"lazy\" class=\"alignnone size-full wp-image-120\" title=\"OV Linke\" src=\"https:\/\/filderbahnhof.net\/wordpress\/wp-content\/uploads\/OV-Linke.png\" alt=\"\" width=\"150\" height=\"56\" \/><\/a><\/td>\n<td style=\"text-align: center; vertical-align: middle;\"><img loading=\"lazy\" class=\"alignnone wp-image-120\" title=\"dekoplus\" src=\"https:\/\/filderbahnhof.net\/wordpress\/wp-content\/uploads\/dekoplus.png\" alt=\"\" width=\"150\" height=\"32\" \/><\/td>\n<td style=\"text-align: center; vertical-align: middle;\"><a href=\"http:\/\/www.waldheim-stuttgart.de\/\"><img loading=\"lazy\" class=\"aligncenter size-medium wp-image-120\" title=\"waldheim_stuttgart_ev\" src=\"https:\/\/filderbahnhof.net\/wordpress\/wp-content\/uploads\/waldheim_stuttgart_ev.jpg\" alt=\"\" width=\"150\" height=\"83\" \/><\/a><\/td>\n<\/tr>\n<tr>\n<td style=\"text-align: center; vertical-align: middle;\"><a href=\"http:\/\/www.naturfreunde-radgruppe-stuttgart.de\/\"><img class=\"aligncenter size-full wp-image-120\" title=\"naturfreunde_radgruppe\" src=\"https:\/\/filderbahnhof.net\/wordpress\/wp-content\/uploads\/naturfreunde_radgruppe.png\" alt=\"\" width=\"150\" \/><\/a><\/td>\n<td style=\"text-align: center; vertical-align: middle;\"><a href=\"http:\/\/www.michael-bauer-werkhof.de\/\"><img class=\"aligncenter size-medium wp-image-120\" title=\"Logo und Wort.2C-blau\" src=\"https:\/\/filderbahnhof.net\/wordpress\/wp-content\/uploads\/Logo-und-Wort.2C-blau.jpg\" alt=\"\" width=\"150\" \/><\/a><\/td>\n<td style=\"text-align: center; vertical-align: middle;\"><a href=\"http:\/\/www.stuttgart-fasanenhof.de\"><img class=\"aligncenter size-medium wp-image-120\" title=\"fasanenhof_hlw\" src=\"https:\/\/filderbahnhof.net\/wordpress\/wp-content\/uploads\/fasanenhof_hlw.png\" alt=\"\" width=\"150\" \/><\/a><\/td>\n<\/tr>\n<tr>\n<td style=\"text-align: center; vertical-align: middle;\"><a href=\"http:\/\/www.bund.net\/stuttgart\/\"><img loading=\"lazy\" class=\"alignnone size-medium wp-image-386\" title=\"BUNDlogo 2012 RGB\" src=\"https:\/\/filderbahnhof.net\/wordpress\/wp-content\/uploads\/BUNDlogo-2012-RGB.jpg\" alt=\"\" width=\"150\" height=\"77\" \/><\/a><\/td>\n<td style=\"text-align: center; vertical-align: middle;\"><a href=\"http:\/\/www.pro-bahn-bw.de\/rvregionstuttgart\/rvinfo.htm\"><img class=\"alignnone size-full wp-image-417\" title=\"PB Block 240\" src=\"https:\/\/filderbahnhof.net\/wordpress\/wp-content\/uploads\/PB-Block-240.gif\" alt=\"\" width=\"150\" \/><\/a><\/td>\n<td style=\"text-align: center; vertical-align: middle;\"><a href=\"http:\/\/www.lnv-bw.de\/\"><img loading=\"lazy\" class=\"alignnone size-medium wp-image-380\" title=\"LNV_lg_rgb1_071101\" src=\"https:\/\/filderbahnhof.net\/wordpress\/wp-content\/uploads\/LNV_lg_rgb1_071101.jpg\" alt=\"\" width=\"150\" height=\"86\" \/><\/a><\/td>\n<\/tr>\n<tr>\n<td style=\"text-align: center; vertical-align: middle;\"><a href=\"http:\/\/vaihingen-\u00f6s.de\"><img class=\"aligncenter size-medium wp-image-42\" style=\"vertical-align: middle;\" title=\"V\u00d6S\" src=\"https:\/\/filderbahnhof.net\/wordpress\/wp-content\/uploads\/logo_final.png\" alt=\"logo_final\" width=\"150\" \/><\/a><\/td>\n<td style=\"text-align: center; vertical-align: middle;\"><a href=\"http:\/\/www.vcd-bw.de\/\"><img class=\"aligncenter size-medium wp-image-42\" style=\"vertical-align: middle;\" title=\"VCD\" src=\"https:\/\/filderbahnhof.net\/wordpress\/wp-content\/uploads\/VCD_Logo_99_2c.jpg\" alt=\"\" width=\"150\" \/><\/a><\/td>\n<td style=\"text-align: center; vertical-align: middle;\"><a href=\"http:\/\/filderpiraten.de\/\"><img loading=\"lazy\" class=\"aligncenter size-medium wp-image-42\" style=\"vertical-align: middle;\" title=\"Filderpiraten\" src=\"https:\/\/filderbahnhof.net\/wordpress\/wp-content\/uploads\/filderpiraten.png\" alt=\"filderpiraten\" width=\"150\" height=\"150\" \/><\/a><\/td>\n<\/tr>\n<\/tbody>\n<\/table>\n","protected":false},"excerpt":{"rendered":"<p>B\u00fcndnis Filderbahnhof Vaihingen B\u00fcndnis f\u00fcr einen Regional-Express-Halt in Stuttgart Vaihingen Wir unterst\u00fctzen den Filderbahnhof Vaihingen Lebenswertes LE B\u00fcrgerb\u00fcndnis Pro G\u00e4ubahn GenussVoll Rathausplatz 5Stuttgart-Vaihingen Betriebsrat Lapp GmbH Kabelwerke Vaihingen<\/p>\n","protected":false},"author":1,"featured_media":0,"parent":0,"menu_order":0,"comment_status":"closed","ping_status":"closed","template":"sidebar-page.php","meta":[],"_links":{"self":[{"href":"https:\/\/filderbahnhof.net\/wordpress\/wp-json\/wp\/v2\/pages\/104"}],"collection":[{"href":"https:\/\/filderbahnhof.net\/wordpress\/wp-json\/wp\/v2\/pages"}],"about":[{"href":"https:\/\/filderbahnhof.net\/wordpress\/wp-json\/wp\/v2\/types\/page"}],"author":[{"embeddable":true,"href":"https:\/\/filderbahnhof.net\/wordpress\/wp-json\/wp\/v2\/users\/1"}],"replies":[{"embeddable":true,"href":"https:\/\/filderbahnhof.net\/wordpress\/wp-json\/wp\/v2\/comments?post=104"}],"version-history":[{"count":95,"href":"https:\/\/filderbahnhof.net\/wordpress\/wp-json\/wp\/v2\/pages\/104\/revisions"}],"predecessor-version":[{"id":683,"href":"https:\/\/filderbahnhof.net\/wordpress\/wp-json\/wp\/v2\/pages\/104\/revisions\/683"}],"wp:attachment":[{"href":"https:\/\/filderbahnhof.net\/wordpress\/wp-json\/wp\/v2\/media?parent=104"}],"curies":[{"name":"wp","href":"https:\/\/api.w.org\/{rel}","templated":true}]}}